8875?
7
What is the millions digit of 2210599?
2
What is the ten thousands digit of 1297261?
9
What is the units digit of 37667?
7
What is the hundreds digit of 8014026?
0
What is the ten thousands digit of 501632?
0
What is the hundreds digit of 5114?
1
What is the tens digit of 146412?
1
What is the thousands digit of 64783?
4
What is the millions digit of 1035694?
1
What is the ten thousands digit of 46888?
4
What is the hundreds digit of 132967?
9
What is the millions digit of 13255546?
3
What is the thousands digit of 744928?
4
What is the hundred thousands digit of 14397069?
3
What is the hundred thousands digit of 1952940?
9
What is the thousands digit of 34351127?
1
What is the thousands digit of 156004?
6
What is the units digit of 14482?
2
What is the thousands digit of 170442?
0
What is the units digit of 2424?
4
What is the millions digit of 6907290?
6
What is the hundreds digit of 22461635?
6
What is the hundreds digit of 186442?
4
What is the ten thousands digit of 165415?
6
What is the thousands digit of 1367059?
7
What is the tens digit of 3189299?
9
What is the hundreds digit of 5544875?
8
What is the units digit of 698?
8
What is the tens digit of 169960?
6
What is the tens digit of 5889409?
0
What is the thousands digit of 799484?
9
What is the tens digit of 207907?
0
What is the ten thousands digit of 192402?
9
What is the tens digit of 4083498?
9
What is the tens digit of 125990?
9
What is the ten thousands digit of 1577184?
7
What is the thousands digit of 14093995?
3
What is the units digit of 144232?
2
What is the tens digit of 911076?
7
What is the hundred thousands digit of 1931385?
9
What is the units digit of 3477?
7
What is the ten thousands digit of 3468873?
6
What is the tens digit of 183940?
4
What is the hundred thousands digit of 21218543?
2
What is the thousands digit of 964110?
4
What is the tens digit of 551067?
6
What is the millions digit of 7029757?
7
What is the hundreds digit of 92554?
5
What is the ten thousands digit of 508561?
0
What is the thousands digit of 63956?
3
What is the tens digit of 3730099?
9
What is the thousands digit of 6328286?
8
What is the hundreds digit of 1560873?
8
What is the ten thousands digit of 37549?
3
What is the hundreds digit of 3896866?
8
What is the units digit of 110457?
7
What is the hundreds digit of 1683640?
6
What is the units digit of 84154?
4
What is the tens digit of 7312376?
7
What is the hundreds digit of 70323?
3
What is the tens digit of 119488?
8
What is the hundreds digit of 1280549?
5
What is the hundred thousands digit of 3749358?
7
What is the hundreds digit of 560132?
1
What is the thousands digit of 435665?
5
What is the thousands digit of 10628496?
8
What is the thousands digit of 10855545?
5
What is the tens digit of 17728?
2
What is the units digit of 13563214?
4
What is the ten thousands digit of 91401?
9
What is the ten thousands digit of 12328324?
2
What is the tens digit of 1251424?
2
What is the hundreds digit of 79665?
6
What is the hundreds digit of 374128?
1
What is the ten thousands digit of 35132432?
3
What is the hundred thousands digit of 20374293?
3
What is the hundred thousands digit of 5818125?
8
What is the ten thousands digit of 2274173?
7
What is the units digit of 940414?
4
What is the hundreds digit of 39742?
7
What is the ten thousands digit of 1158301?
5
What is the millions digit of 4858284?
4
What is the hundred thousands digit of 752398?
7
What is the tens digit of 601071?
7
What is the hundreds digit of 102819?
8
What is the ten thousands digit of 4286021?
8
What is the tens digit of 409282?
8
What is the tens digit of 4225267?
6
What is the thousands digit of 750791?
0
What is the tens digit of 310996?
9
What is the units digit of 127606?
6
What is the tens digit of 262202?
0
What is the units digit of 694637?
7
What is the thousands digit of 2331096?
1
What is the hundreds digit of 17036706?
7
What is the thousands digit of 114537?
4
What is the ten thousands digit of 926932?
2
What is the tens digit of 12253968?
6
What is the millions digit of 1197731?
1
What is the units digit of 1230293?
3
What is the thousands digit of 4224049?
4
What is the thousands digit of 335114?
5
What is the units digit of 94101?
1
What is the thousands digit of 16699?
6
What is the thousands digit of 410756?
0
What is the hundreds digit of 1285614?
6
What is the ten thousands digit of 206308?
0
What is the hundreds digit of 26177?
1
What is the hundred thousands digit of 2623905?
6
What is the hundreds digit of 89806?
8
What is the thousands digit of 819707?
9
What is the units digit of 111314?
4
What is the hundreds digit of 103114?
1
What is the units digit of 2149812?
2
What is the hundreds digit of 16879865?
8
What is the units digit of 527508?
8
What is the thousands digit of 20828?
0
What is the ten thousands digit of 2103002?
0
What is the ten millions digit of 13877470?
1
What is the thousands digit of 298580?
8
What is the units digit of 3354376?
6
What is the thousands digit of 26610968?
0
What is the thousands digit of 3738838?
8
What is the hundred thousands digit of 206326?
2
What is the hundreds digit of 19337759?
7
What is the tens digit of 2693245?
4
What is the hundred thousands digit of 460019?
4
What is the tens digit of 839940?
4
What is the hundreds digit of 566757?
7
What is the units digit of 760297?
7
What is the hundred thousands digit of 33932568?
9
What is the tens digit of 88767?
6
What is the tens digit of 4479650?
5
What is the hundreds digit of 11868406?
4
What is the hundred thousands digit of 135789?
1
What is the ten millions digit of 13836620?
1
What is the millions digit of 2091089?
2
What is the hundreds digit of 9275067?
0
What is the ten thousands digit of 5893126?
9
What is the units digit of 903386?
6
What is the hundred thousands digit of 303108?
3
What is the tens digit of 48141?
4
What is the hundred thousands digit of 5701061?
7
What is the millions digit of 39862931?
9
What is the ten thousands digit of 2082072?
8
What is the units digit of 190761?
1
What is the units digit of 207950?
0
What is the ten thousands digit of 4084577?
8
What is the hundred thousands digit of 3906162?
9
What is the hundreds digit of 3298837?
8
What is the units digit of 521605?
5
What is the thousands digit of 1643753?
3
What is the hundreds digit of 284949?
9
What is the hundred thousands digit of 168626?
1
What is the hundreds digit of 982775?
7
What is the units digit of 25376182?
2
What is the tens digit of 92250?
5
What is the hundreds digit of 393307?
3
What is the thousands digit of 395437?
5
What is the hundreds digit of 1764639?
6
What is the hundred thousands digit of 5818461?
8
What is the units digit of 10605?
5
What is the thousands digit of 988021?
8
What is the thousands digit of 59599?
9
What is the hundred thousands digit of 313154?
3
What is the millions digit of 6698241?
6
What is the hundred thousands digit of 182544?
1
What is the tens digit of 712126?
2
What is the hundreds digit of 24276268?
2
What is the units digit of 19868151?
1
What is the units digit of 157191?
1
What is the hundred thousands digit of 281649?
2
What is the thousands digit of 339549?
9
What is the hundreds digit of 863023?
0
What is the tens digit of 4569553?
5
What is the units digit of 2023203?
3
What is the hundred thousands digit of 4526827?
5
What is the units digit of 192930?
0
What is the units digit of 342919?
9
What is the hundreds digit of 3006534?
5
What is the units digit of 5124378?
8
What is the thousands digit of 14168310?
8
What is the hundred thousands digit of 510108?
5
What is the units digit of 101364?
4
What is the ten thousands digit of 19350028?
5
What is the thousands digit of 1296404?
6
What is the hundred thousands digit of 482961?
4
What is the hundred thousands digit of 3966748?
9
What is the units digit of 1157488?
8
What is the millions digit of 8491415?
8
What is the thousands digit of 3088705?
8
What is the thousands digit of 136438?
6
What is the ten thousands digit of 686078?
8
What is the hundreds digit of 3005210?
2
What is the ten thousands digit of 1359289?
5
What is the tens digit of 171866?
6
What is the hundred thousands digit of 185311?
1
What is the hundreds digit of 456495?
4
